)
-19
40 - 28 - 7 - 24
-19
What is -8 - -10 - -2 - (14 - 5)?
-5
Calculate 16 - (9 + (-7 - -6)) - 12.
-4
What is (48 - 42) + (3 - 1 - (24 + 0))?
-16
What is 15 - (-3 - (-24 + -15) - 0)?
-21
Evaluate -1 - -1 - (-38 + 48).
-10
0 + 3 - (-6 + -7)
16
What is 11 - (7 + -15 + 2)?
17
Evaluate (9 - 4) + -9 + (8 - 8).
-4
Evaluate -23 - (11 + -28 - -6) - 2.
-14
Calculate -9 - 3 - (-21 - -29 - 47).
27
What is (39 - 52 - -33) + -51?
-31
What is 29 + -22 - 26 - -22?
3
Calculate -12 + 12 - (-19 + -4 - (-2 + 7)).
28
Calculate -5 + 0 + (3 - -26) - 10.
14
Calculate -42 - -37 - (-5 - -13 - 0).
-13
What is the value of 9 + -3 + (-13 - (5 - 9 - 2))?
-1
What is 7 + (8 - (17 + -14))?
12
What is -5 + 10 + (-1 + -3 - 5)?
-4
What is -5 - (-5 + -3 - (1 + -8))?
-4
Calculate 14 - ((-10 - -29) + -6) - (-15 - 0).
16
15 + -8 + 6 + -2 + -2
9
Calculate -10 + -7 + (-6 + 1 - -9).
-13
-8 + (12 - (5 + 3)) - -7
3
87 + -72 - 11 - (-1 + 3 + -27)
29
Calculate 18 + 14 + 4 + -18.
18
What is the value of (-965 - -959) + (0 - 17) + 0 + -2?
-25
Calculate 2 + 15 - (-121 + 135 + (-3 - 5)).
11
(1 - -8) + (17 - 17) + 2
11
What is the value of 0 + 6 + (1 - 10) - (4 + 0)?
-7
7 + (13 - 17) + -11
-8
Evaluate 10 - -2 - ((-40 - -6) + 37).
9
What is the value of -23 - (-48 + 5 + 15)?
5
What is 12 - 34 - -16 - (0 - 1)?
-5
-21 + 45 - (-14 - -22)
16
Calculate -807 + 813 + 1 + -1 + (21 - 1).
26
(4 + 0 + -4 - (2 + -7)) + -15
-10
What is 5 + (4 - 22) + (0 - -2) + 1?
-10
-13 + (-7 - -1) - -12
-7
7 - (13 + (26 - -1) + -13)
-20
Calculate 23 + -11 - 11 - (0 + -20).
21
Calculate (3 - 23) + 4 - (77 + -87).
-6
Evaluate 4 - (0 - (11 - 6 - 5)).
4
Evaluate (-20 - -7) + (18 - 2) + 4.
7
(16 - (7 + 21) - 21) + (11 - 1)
-23
What is 1 + -15 + (16 - (-22 - -30)) + 15?
9
What is the value of -2 + 12 + -23 + 20?
7
What is -4 - 0 - (1 + -8 - (143 - 145))?
1
What is -112 - -112 - (0 + 5)?
-5
What is the value of (-1 - -1) + (15 + -41 - (-5 + 4))?
-25
Calculate -2 - (7 - 32 - -13).
10
Evaluate (14 - (-13 - -18)) + 5.
14
What is -1 - ((-3 - (-9 + -1)) + (-68 - -61))?
-1
3 - (30 - (0 + 8 + -1))
-20
Calculate 0 - (4 + -1) - (11 + -33 - -28).
-9
What is -2 + -2 - (0 + -20 + 15)?
1
What is the value of -4 + 18 + -27 + -5?
-18
Calculate 10 - -5 - -2 - 11.
6
Calculate -2 - (-15 - -4) - -8.
17
What is the value of 34 + 3 + -5 - (-308 + 323)?
17
What is 16 - (12 + -7 + 1 + 10)?
0
What is 18 + -15 + 0 + -6?
-3
What is the value of -11 - (-11 + -11 + 2)?
9
7 + (-2 - -1 - -17 - (394 + -389))
18
What is (-1 - -17 - 13) + (-3 - (-14 + -6))?
20
What is (-39 - -41) + (3 - -2 - 1) + -1?
5
10 + (-1 - -1) - (-31 + (-19 - -56))
4
3 + (20 - (5 - (-9 + 9)))
18
What is the value of (6 - 1) + (-6 - (-42 + 36))?
5
What is -9 + (87 + -93 - (-4 + -6 - 4))?
-1
What is the value of -1 + -1 + 6 + -12 - (24 - 2)?
-30
Calculate 23 + 9 + -28 + 2.
6
Evaluate -20 + (0 - -21) + (-1 - -6) + -18.
-12
What is 0 + -5 - (-7 - -1 - -8)?
-7
What is the value of (1 - (6 + -4)) + -20 - (-59 - -53)?
-15
What is the value of (-1 + -1 - -6) + 1 + 14 + -7?
12
What is (18 - (-3 + 11)) + -7?
3
17 + -2 + 319 + -335
-1
What is the value of 27 + (0 - -3) - 47?
-17
3 + -2 + 15 + (-55 - (-102 - -37))
26
Evaluate -34 - (2 + -5 + -16 + 18).
-33
What is -11 + -4 + -1 + 6 + 5 + -1?
-6
Evaluate 6 + (16 - -12) + -19.
15
Calculate -16 + 6 + 0 + 5.
-5
Calculate 1 - (26 + -15) - 3.
-13
Calculate -14 + 53 + -29 + (0 - 0).
10
What is the value of -10 - (19 + (-4 - 17))?
-8
Evaluate 6 + (1 - (6 - 0) - 4) + -8.
-11
Evaluate (8 + -17 - (-3 - 1)) + (-2 - 3).
-10
8 - (9 + -4 + -5)
8
11 - 22 - -11 - -9
9
What is (-14 - (10 + -17)) + 10 - -11?
14
Evaluate 2 - 2 - ((-21 - -5) + 11) - -6.
11
What is -9 - (-5 + (-7 - (-7 - 8) - -3))?
-15
Calculate 14 + -9 + -5 + (17 - -4) + 0.
21
What is the value of -11 + -5 - (-5 + -5)?
-6
Calculate 0 + -6 - (4 + (-7 - (-5 - 15))).
-23
Calculate 12 + 0 - (-1328 - -1336).
4
3 + 9 - 11 - ((-2 - -3) + -2)
2
What is -32 + 2 - (642 + -664)?
-8
What is 32 + -19 + 6 + -36?
-17
What is -14 + (6 - (22 + -17 + 0))?
-13
Evaluate -2 - 1 - (22 + 66 + -65).
-26
-24 - (-9 - (13 + -29 - -5))
-26
Evaluate -4 + 19 + (1 - 11) + -11.
-6
Evaluate 17 + -25 - (0 + 0 - 4).
-4
What is the value of -4 - ((19 - (7 - -16)) + -1 + 2)?
-1
What is -10 + (3 - 10 - (-7 - 4))?
-6
Calculate 2 + 3 + (11 - (9 + 12 + -7)).
2
Calculate -5 + (10 - (-37 - -41 - (19 - -2))).
22
Calculate 1 + -2 + 2 + (77 - 75) + -3.
0
What is -22 + 13 + 3 + -2?
-8
What is the value of -2 + 8 + (-6 + 2 - (-2 + -12))?
16
Calculate 10 + (5 - (-13 + 11) - 4).
13
What is the value of (-9 - -1) + 16 + -2 - 38?
-32
What is (-12 - -6) + (5 + -12 - -6) + 27?
20
What is the value of -4 - 12 - ((-21 - -6) + 12 + -9)?
-4
What is the value of 0 + 11 - (-58 - -63)?
6
What is the value of (-27 - -11) + 23 + 11?
18
Evaluate 1 + -9 - (-5 + 5 - (70 - 69)).
-7
-10 + -59 + 59 + 1 + 8
-1
Evaluate -27 + 4 + 13 + 2.
-8
-50 - -34 - (-7 - 2) - 6
-13
What is the value of -3 + 14 - (91 + -70)?
-10
What is the value of (12 - (2 + 3)) + (1 - -6) + -6?
8
What is the value of (-3 - -13 - 2) + -15?
-7
What is the value of -5 + (145 - 147) + (0 - -16)?
9
-30 - -21 - (-16 + 2)
5
Calculate (34 - 13) + -4 + -34.
-17
2 - (-33 + -10 - (-1 - 12))
32
What is 2 + 6 + 0 - -1 - (-10 - -7)?
12
What is (-23 + (-8 - -22) - -20) + 13?
24
What is (-7 - -10) + 1 + -12 + 0 - 18?
-26
Evaluate 8 - (23 + (-20 - -24)).
-19
Evaluate -2 + (-12 - -24 - -14).
24
Calculate 11 + -34 + (16 - 6).
-13
What is the value of 37 + -8 + (-21 - (-19 + 10))?
17
What is the value of 15 - 0 - (-15 + 21) - 29?
-20
What is 14 - -1 - (-323 - -329)?
9
Evaluate -43 + (-24 - -26 - -26).
-15
What is the value of -6 - (-9 + -4 + 7) - 22?
-22
7 - (-17 + 8 + 10)
6
What is -5 + -2 + 0 - (-177 - -173)?
-3
Calculate -3 + 32 - (-156 + 205).
-20
Calculate -29 - (100 - 88 - (1 + 23)).
-17
What is 6 + 7 + -10 - 21?
-18
21 + -5 + 8 + (-5 - 10) + 13
22
Calculate 9 - (1 - (-7 + 0)) - -13.
14
Calculate (-19 + 7 - (19 - (11 + 4))) + -6.
-22
Evaluate -7 + 3 + (5 - (23 + -13)).
-9
What is the value of (-2 - 0) + (-60 - (-57 + -13))?
8
Calculate 5 - -5 - ((36 - 19) + -5).
-2
Calculate 28 - (29 - (-33 - -24)).
-10
Evaluate (-27 - ((-17 - -17) + -14)) + 23.
10
-28 - (-15 + 2 - 39)
24
What is 5 + (1 - ((-6 - -6) + 11 + -9))?
4
(109 - 112) + (-1 - 1) + 0
-5
What is the value of -4 + 4 + (-26 - -19)?
-7
What is the value of 16 + -6 - (5 + (-25 - -24))?
6
8 + -4 + 10 + -4 + 8 + -2
16
What is 33 + 1 + (21 + -3 - 37)?
15
What is the value of -13 + 29 - (-2 - -3) - (20 + -21)?
16
-839 + 846 + (7 - -1) + 0 + -1
14
Calculate -7 - (-10 - -5) - (4 + 17).
-23
What is -10 + 9 + 33 - 10?
22
17 + 11 + -27 + 17
18
Calculate 11 + -1 + 3 + 14 + -6.
21
What is the value of (-4 - (-1 + 3) - (-58 - -39)) + -4?
9
What is (4 - 5) + 0 - 6 - 4?
-11
Evaluate 14 + (-38 - -13) + 13.
2
Calculate -3 + (11 - 10) + 2.
0
Evaluate (15 - 9 - 13) + (1 - (-16 + -1)).
11
What is -10 - (14 - (16 - -5))?
-3
What is the value of -14 - (-21 + 12 - -5)?
-10
Calculate 4 + (4 - 12 - -8) + -12.
-8
What is the value of -266 + 237 + (7 - -20)?
-2
-3 - (1 - 13 - -16)
-7
Evaluate -476 - -536 - (-1 - -41).
20
42 - (-15 - (-24 + -16))
17
What is the value of -11 + 0 - (-8 - (30 - 10))?
17
Calculate -25 - (-12 - (47 + -56 + 5 + 1)).
-16
Evaluate -4 + 0 - (20 - 35).
11
Calculate -39 - (-47 - -17) - -28.
19
Calculate -15 + 6 + -6 + 3.
-12
(-8 - (0 - 0)) + 758 + -772
-22
What is the value of 5 + -1 - ((-23 - -15) + -7)?
19
Evaluate -32 + 20 - (2 + (4 - 5)).
-13
What is the value of 4 + 6 + -2 + (-7 + 5 - 6)?
0
What is 144 + -149 + (1 - -1)?
-3
What is 6 - ((-2 + -1 - (28 + -26)) + 7)?
4
(-4 - (0 - (-8 - -5))) + -23 + 28
-2
Calculate -57 + 54 - (-3 + -1 - 1 - 3).
5
Calculate -2 + (2 + -19 - -8) + -3.
-14
What is the value of (0 - -12) + -69 + 80?
23
5 + (1 - (8 - -6) - -11)
3
Evaluate (20 - (4 + 2)) + -8 - (3 - 12).
15
Evaluate -18 + 1 - (-88 + 88).
-17
Evaluate 4 + -7 + 47 + -31.
13
Calculate 9 + -4 + (0 - 2) + -4.
-1
Calculate 1 + (2 + 18 - 8).
13
What is 28 + -26 + 0 + -2 - -2?
2
What is 1 - 17 - (389 - 404)?
-1
-11 - (-7 - -5) - -20
11
What is the value of 0 + -5 + (7 - -2) - (-53 - -31)?
26
What is (-21 + 4 - -13) + -3?
-7
Evaluate (246 - 208) + 2 + -25.
15
Evaluate -42 + -11 + 20 + 21.
-12
Evaluate (69 - 66) + -8 + -1 + 0 + -2.
-8
(-8 - (4 + -4) - (0 + -13)) + -21
-16